{"id":215,"date":"2011-10-13T01:19:39","date_gmt":"2011-10-12T23:19:39","guid":{"rendered":"http:\/\/ktcsormland.se\/?page_id=215"},"modified":"2020-10-31T17:35:05","modified_gmt":"2020-10-31T16:35:05","slug":"psykologisk-genomgang-debriefing","status":"publish","type":"page","link":"https:\/\/ktcsormland.se\/?page_id=215","title":{"rendered":"Psykologisk genomg\u00e5ng (&#8221;Debriefing&#8221;)"},"content":{"rendered":"<p><strong><a href=\"http:\/\/media.ktcsormland.se\/2011\/10\/imagesCAAS31SY.jpg\"><img loading=\"lazy\" decoding=\"async\" class=\"size-thumbnail wp-image-711 alignleft\" title=\"imagesCAAS31SY\" src=\"http:\/\/media.ktcsormland.se\/2011\/10\/imagesCAAS31SY-150x150.jpg\" alt=\"\" width=\"150\" height=\"150\" \/><\/a><\/strong><\/p>\n<p><strong>D<span style=\"color: #000000;\">efinition:<\/span><\/strong><span style=\"color: #000000;\"> En systematisk genomg\u00e5ng i grupp av intryck, tankar och reaktioner p\u00e5 en kritisk h\u00e4ndelse i samband med en arbetsinsats. Syftet \u00e4r att undvika on\u00f6diga psykiska efterverkningar och att st\u00e4rka den kollegiala sammanh\u00e5llningen. Psykologisk genomg\u00e5ng (&#8221;debriefing&#8221;) \u00e4r en typ av omh\u00e4ndertagande i grupp, men b\u00f6r inte f\u00f6rv\u00e4xlas med behandling eller psykoterapi. Det \u00e4r en metodik som st\u00e4ller speciella krav p\u00e5 gruppledaren, som b\u00f6r besitta kunskaper i gruppmetodik, gruppsykologi, krisintervention och posttraumatiska stresst\u00f6rningar.<\/span><\/p>\n<p><span style=\"color: #000000;\">B\u00e5de i Sverige och internationellt har en debatt p\u00e5g\u00e5tt om effekten av tidiga insatser, s\u00e4rskilt effekten av en psykologisk genomg\u00e5ng (&#8221;debriefing&#8221;). Man har inte entydigt kunnat bekr\u00e4fta att tidig intervention av detta slag kan minska risken f\u00f6r utvecklandet av posttraumatiska stresst\u00f6rningar.<\/span><\/p>\n<p><span style=\"color: #000000;\">Organiserat omh\u00e4ndertagande i form av psykologisk debriefing kan ha positiva effekter i professionella grupper inom f\u00f6rsvar, r\u00e4ddningstj\u00e4nst, polis och sjukv\u00e5rd, exempelvis st\u00e4rka gruppsammanh\u00e5llningen. D\u00e4rf\u00f6r b\u00f6r denna typ av insatser i f\u00f6rsta hand f\u00f6rbeh\u00e5llas dessa grupper.<\/span><\/p>\n<p><span style=\"color: #000000;\">Dock b\u00f6r enskilda individer undantas som har mycket uttalade stresstillst\u00e5nd och\/eller depressiva reaktioner. Dessa personer f\u00f6ljs l\u00e4mpligare upp individuellt. En konsekvens av den aktuella forskningen \u00e4r att det inte g\u00e5r att rekommendera att en psykologisk genomg\u00e5ng (&#8221;debriefing&#8221;) genomf\u00f6rs med individer som inte ing\u00e5r i organiserade professionella grupper.<\/span><\/p>\n","protected":false},"excerpt":{"rendered":"<p>Definition: En systematisk genomg\u00e5ng i grupp av intryck, tankar och reaktioner p\u00e5 en kritisk h\u00e4ndelse i samband med en arbetsinsats. Syftet \u00e4r att undvika on\u00f6diga psykiska efterverkningar och att st\u00e4rka den kollegiala sammanh\u00e5llningen. Psykologisk genomg\u00e5ng (&#8221;debriefing&#8221;) \u00e4r en typ av &hellip; <a href=\"https:\/\/ktcsormland.se\/?page_id=215\">Forts\u00e4tt l\u00e4sa <span class=\"meta-nav\">&rarr;<\/span><\/a><\/p>\n","protected":false},"author":1,"featured_media":0,"parent":0,"menu_order":0,"comment_status":"closed","ping_status":"closed","template":"","meta":{"footnotes":""},"class_list":["post-215","page","type-page","status-publish","hentry"],"_links":{"self":[{"href":"https:\/\/ktcsormland.se\/index.php?rest_route=\/wp\/v2\/pages\/215","targetHints":{"allow":["GET"]}}],"collection":[{"href":"https:\/\/ktcsormland.se\/index.php?rest_route=\/wp\/v2\/pages"}],"about":[{"href":"https:\/\/ktcsormland.se\/index.php?rest_route=\/wp\/v2\/types\/page"}],"author":[{"embeddable":true,"href":"https:\/\/ktcsormland.se\/index.php?rest_route=\/wp\/v2\/users\/1"}],"replies":[{"embeddable":true,"href":"https:\/\/ktcsormland.se\/index.php?rest_route=%2Fwp%2Fv2%2Fcomments&post=215"}],"version-history":[{"count":25,"href":"https:\/\/ktcsormland.se\/index.php?rest_route=\/wp\/v2\/pages\/215\/revisions"}],"predecessor-version":[{"id":2486,"href":"https:\/\/ktcsormland.se\/index.php?rest_route=\/wp\/v2\/pages\/215\/revisions\/2486"}],"wp:attachment":[{"href":"https:\/\/ktcsormland.se\/index.php?rest_route=%2Fwp%2Fv2%2Fmedia&parent=215"}],"curies":[{"name":"wp","href":"https:\/\/api.w.org\/{rel}","templated":true}]}}