{"id":2000,"date":"2018-10-23T13:18:05","date_gmt":"2018-10-23T11:18:05","guid":{"rendered":"http:\/\/ktcsormland.se\/?page_id=2000"},"modified":"2018-10-23T13:18:05","modified_gmt":"2018-10-23T11:18:05","slug":"nyheter-2014","status":"publish","type":"page","link":"https:\/\/ktcsormland.se\/?page_id=2000","title":{"rendered":"Nyheter 2014"},"content":{"rendered":"<p><strong><span style=\"color: #ff0000;\">14-12-03<\/span><\/strong>\u00a0<span style=\"color: #000000;\">Kris &amp; TraumaCentrum S\u00f6rmland tar aktivt avst\u00e5nd fr\u00e5n IS! Personal fr\u00e5n Kris och Traumacentrum planerar under v\u00e5ren 2015 \u00e5ka till Erbil\/Holier i Kurdistan f\u00f6r att underst\u00f6dja Peshmarga-gerilla och deras familjer med psykologiska avlastningssamtal. Vi \u00e4r mycket tacksamma f\u00f6r allt ekonomiskt st\u00f6d. V\u00e5r l\u00e5nga erfarenhet fr\u00e5n arbeten i tunga konfliktomr\u00e5den har tyv\u00e4rr gett oss erfarenheten att st\u00f6rre hj\u00e4lporganisationer \u00e4r i h\u00f6g grad drabbade av korruption. Vi arbetar i sm\u00e5 team, endast med lokal medicinsk personal. Det hj\u00e4lper oss att undvika oegentligheter.\u00a0<\/span><\/p>\n<p><strong><span style=\"color: #ff0000;\">14-12-03\u00a0<\/span><\/strong><span style=\"color: #000000;\">Kris &amp; TraumaCentrum S\u00f6rmland \u00e5kte till Kabul, Afghanistan i april 2014 f\u00f6r att handleda och utbilda lokal medicinsk personal i teori och praktik g\u00e4llande behandling av komplex PTSD. D\u00e5 val av ny president i landet \u00e4gde rum var f\u00f6rh\u00e5llandena besv\u00e4rliga och f\u00f6renat med stora s\u00e4kerhetsrisker. Vi fick dock mycket stort st\u00f6d och skydd av v\u00e5r samarbetspartner<\/span>,\u00a0<a href=\"http:\/\/www.tsheo.com.af\/index.php\">NGO Tabish Org<\/a>.\u00a0<span style=\"color: #000000;\">Utbildning och handledning genomf\u00f6rdes med stor bel\u00e5tenhet och som alltid interaktivt d\u00e4r vi l\u00e4rde oss mycket av varandra. Vi planerar en st\u00f6rre konferens till sommaren 2015. Dock \u00e4r s\u00e4kerhet avg\u00f6rande och allt beroende av detta.\u00a0<\/span><\/p>\n","protected":false},"excerpt":{"rendered":"<p>14-12-03\u00a0Kris &amp; TraumaCentrum S\u00f6rmland tar aktivt avst\u00e5nd fr\u00e5n IS! Personal fr\u00e5n Kris och Traumacentrum planerar under v\u00e5ren 2015 \u00e5ka till Erbil\/Holier i Kurdistan f\u00f6r att underst\u00f6dja Peshmarga-gerilla och deras familjer med psykologiska avlastningssamtal. Vi \u00e4r mycket tacksamma f\u00f6r allt ekonomiskt &hellip; <a href=\"https:\/\/ktcsormland.se\/?page_id=2000\">Forts\u00e4tt l\u00e4sa <span class=\"meta-nav\">&rarr;<\/span><\/a><\/p>\n","protected":false},"author":1,"featured_media":0,"parent":0,"menu_order":0,"comment_status":"closed","ping_status":"closed","template":"","meta":{"footnotes":""},"class_list":["post-2000","page","type-page","status-publish","hentry"],"_links":{"self":[{"href":"https:\/\/ktcsormland.se\/index.php?rest_route=\/wp\/v2\/pages\/2000","targetHints":{"allow":["GET"]}}],"collection":[{"href":"https:\/\/ktcsormland.se\/index.php?rest_route=\/wp\/v2\/pages"}],"about":[{"href":"https:\/\/ktcsormland.se\/index.php?rest_route=\/wp\/v2\/types\/page"}],"author":[{"embeddable":true,"href":"https:\/\/ktcsormland.se\/index.php?rest_route=\/wp\/v2\/users\/1"}],"replies":[{"embeddable":true,"href":"https:\/\/ktcsormland.se\/index.php?rest_route=%2Fwp%2Fv2%2Fcomments&post=2000"}],"version-history":[{"count":1,"href":"https:\/\/ktcsormland.se\/index.php?rest_route=\/wp\/v2\/pages\/2000\/revisions"}],"predecessor-version":[{"id":2001,"href":"https:\/\/ktcsormland.se\/index.php?rest_route=\/wp\/v2\/pages\/2000\/revisions\/2001"}],"wp:attachment":[{"href":"https:\/\/ktcsormland.se\/index.php?rest_route=%2Fwp%2Fv2%2Fmedia&parent=2000"}],"curies":[{"name":"wp","href":"https:\/\/api.w.org\/{rel}","templated":true}]}}